he remainder when (0 + 34)*1 + 0 is divided by 9/(((-45)/c)/5).
10
Suppose 6 = 4*t - 6. Suppose 4*b - 12 = 5*y + 6, -4*y = t*b - 29. Calculate the remainder when b is divided by 2.
1
Suppose 17 = -11*f + 61. What is the remainder when 33 is divided by f?
1
Suppose -4*u - o - 1 = 0, 0 = -5*u + o + o + 15. What is the remainder when u is divided by (-3*1 + 2)*-1?
0
Let b be 2/((2 - 0) + -4). Let a(q) = 36*q**2. Let h be a(b). Suppose 0 = -4*r - 4*v + 76, -5*v - 7 + h = 2*r. What is the remainder when r is divided by 12?
10
Calculate the remainder when (6 - -6)*3/2 is divided by 7.
4
Suppose q = -3*b + 7*b - 38, 5*b = 3*q + 44. What is the remainder when 88 is divided by b?
8
Let d(c) = 8*c + 4. Let s be d(4). Let n = 26 - s. What is the remainder when 23 is divided by (8/5)/((-2)/n)?
7
Let i(j) = -j**3 - 5*j**2 + 5*j - 8. Let p be i(-6). Let w = p + 2. Suppose 3*h - 6 - 33 = w. What is the remainder when 37 is divided by h?
11
Let v(q) = 13*q**2 + 13*q - 4. Let r(o) = -6*o**2 - 6*o + 2. Let w(k) = -7*r(k) - 3*v(k). What is the remainder when 30 is divided by w(2)?
14
Let c(k) = 4*k + 13. Calculate the remainder when c(11) is divided by 20.
17
Suppose -4*x = -5*x + 3. What is the remainder when 9 is divided by x?
0
Suppose 42 = 18*g - 25*g. Let l = 23 + -10. Let s = g + l. What is the remainder when 13 is divided by s?
6
Suppose -m = 3*u - 0*u - 33, -105 = -4*m - 3*u. Suppose -35 = -2*z - 3*x, 5*z + 3*x - 42 = 32. What is the remainder when m is divided by z?
11
What is the remainder when 21 is divided by 104/18 - (-2)/9?
3
Suppose 4*t = -2*u + 14, -3*t + 18 = -4*u + 2. Let s = -31 + 45. Calculate the remainder when s is divided by t.
2
Let a(k) = -5*k**3 + k + 1. Let s be a(-1). Suppose -f + 8 + s = 0. What is the remainder when 36 is divided by f?
10
Let y = -352 + 561. Calculate the remainder when y is divided by 53.
50
Suppose 0 = -46*q + 50*q - 136. Calculate the remainder when q is divided by 8.
2
Let h(y) = -y - 6. Let s be h(-7). What is the remainder when 34 is divided by (s - (-5)/(-2))*-8?
10
Let k(x) be the first derivative of x**4/12 - x**3/2 + x**2/2 + 2. Let n(p) be the second derivative of k(p). What is the remainder when 7 is divided by n(3)?
1
Let a = -739 + 115. Calculate the remainder when (a/(-60))/(2/10) is divided by 18.
16
Let i(a) = a**3 - 15*a**2 + 4*a - 4. Calculate the remainder when i(15) is divided by 21.
14
Suppose -6*i + 466 = 124. Calculate the remainder when i is divided by 31.
26
Suppose 2*l - 7*l + 30 = 0. Let u = -3 + 16. What is the remainder when ((-8)/l)/((-1)/18) is divided by u?
11
Suppose 3*z + 2*u - 94 = u, -4*z = -u - 130. Calculate the remainder when z is divided by 11.
10
Suppose -x = 2*x - 18. Let u(q) = -q**3 + 11. Calculate the remainder when u(0) is divided by x.
5
Suppose 2*f + 120 = 3*o + 11, 3*f = -15. Calculate the remainder when o is divided by 12.
9
Let m(j) = 14*j - 3. Let o be m(4). Let y = o - -34. Calculate the remainder when y is divided by 22.
21
Calculate the remainder when 64 is divided by 2/(-7) - 1062/(-42).
14
Calculate the remainder when 112 is divided by ((5 + -4)/(-1))/(4/(-152)).
36
Suppose -16 = 4*a + 8. Let j = 6 + a. Suppose -5*m + 56 = 2*r, j = -3*m - r + 7 + 27. Calculate the remainder when 23 is divided by m.
11
Suppose 5*z = z + 52. Suppose -2*h + 4*h = -18. Let g(t) = -3*t + 10. Calculate the remainder when g(h) is divided by z.
11
Let c(m) = 3*m - 7. Let i(b) = -2*b + 6. Let l(v) = 4*c(v) + 5*i(v). Let o be l(3). Calculate the remainder when (-2)/(-8) - (-166)/o is divided by 11.
10
Let b be (-124)/5*(-60)/1. Suppose 0*d - 4*d = -b. Suppose 255 = 5*g + 4*c, 5*g + 92 = c + d. What is the remainder when g is divided by 14?
13
Let f(b) = -13*b + 2. Calculate the remainder when f(-1) is divided by 6.
3
Suppose -4*x = -6*v + v - 143, -5*v = 4*x - 113. What is the remainder when x is divided by 7?
4
Let l = 144 - 85. Calculate the remainder when l is divided by 30.
29
Let x(p) = p**2 + 6*p - 18. What is the remainder when 65 is divided by x(-10)?
21
Let d be (-226)/(0/(-1) + -2). Let n = -72 + d. Suppose -4*l + n = 3*o, -95 = -7*l + 2*l + 5*o. Calculate the remainder when 39 is divided by l.
11
Suppose 18*i = 20*i - 68. What is the remainder when 235 is divided by i?
31
Let z be (6/(-1))/(-3) - 1. Let g be 0*((-2)/(-4))/z. Suppose g = m - 5*m + 32. What is the remainder when 31 is divided by m?
7
What is the remainder when 99 is divided by 0 - -2 - (-15 - 3)?
19
Suppose 2*o + 26 = 4*m + 8, 0 = 4*m + 5*o - 25. What is the remainder when 17 is divided by m?
2
Suppose 34 = 3*h - 2*h. Calculate the remainder when h is divided by 12.
10
Let u be (2/4)/(4/(-48)). What is the remainder when 15 is divided by (-21)/u*2 + -3?
3
Let m(t) = t - 8. Let b be m(9). Let j be -1 - (-1 - -10 - b). Calculate the remainder when 3 is divided by (-8)/(-6)*j/(-6).
1
Suppose 4*n - 17 = 4*i + i, -3*n - 16 = 2*i. What is the remainder when n/(-8) + (-1666)/(-56) is divided by 16?
14
Suppose -1 = 2*i - 3*f + 2, -3*i = 2*f - 15. Let m(a) = 9 - 5*a + i + a + 3*a. Calculate the remainder when 34 is divided by m(0).
10
Let s(b) = b**2 - 8*b + 6. Let p be s(7). Suppose -c + 2*c - 79 = 0. What is the remainder when c is divided by (54/(-8))/(p/4)?
25
Suppose -2*q + 62 = -0*q. Calculate the remainder when q is divided by (-17)/((0 - -1)*-1).
14
Suppose 3*p + 1 - 16 = 0. Let r(d) = 15*d + 21. Let h(i) = 7*i + 11. Let l(y) = 13*h(y) - 6*r(y). What is the remainder when l(0) is divided by p?
2
Suppose -w = -2*w. Suppose 3*i - 5*g - 88 = w, -i - 5*g + 18 - 2 = 0. Let v(c) = -c**3 - 2*c**2 - 3*c - 9. What is the remainder when i is divided by v(-3)?
8
Suppose -3*t = 6, 2*s + 4*t = -3*s - 38. Let m(b) = -7*b - 5. Calculate the remainder when m(s) is divided by 10.
7
Let t = 22 - 9. Suppose 32 = 5*w - t. Let y(c) = -c + 42. Calculate the remainder when y(16) is divided by w.
8
Suppose -h = -5*m - 4*h + 84, -h + 78 = 5*m. What is the remainder when 43 is divided by m?
13
Let c = -67 - -144. What is the remainder when c is divided by 27?
23
Let h(q) = 2*q**2 - 6*q + 2. Let z be h(5). Let p = z + -16. Suppose -3*a - 40 = -7*a. What is the remainder when a is divided by p?
4
Let w = 64 + -59. What is the remainder when 39 is divided by w?
4
Let p be 66/4 - 1/(-2). Suppose -p = -4*n + 3. Let w(x) = -x**2 - 18*x - 67. What is the remainder when w(-8) is divided by n?
3
Let j = 62 + -33. What is the remainder when 140 is divided by j?
24
Let a(k) = 10*k**3 + 1. Let w be a(1). Let i = w + 4. Suppose -3*d + x + 0*x = -32, -5*x - 43 = -2*d. Calculate the remainder when i is divided by d.
6
What is the remainder when ((-12)/(-20))/(2/30) is divided by 4?
1
Let r(f) be the second derivative of -3*f**2 + 2/3*f**3 - 2*f + 0. Calculate the remainder when 17 is divided by r(4).
7
Suppose -2*g - 84 = -4*r + 3*g, 4 = -g. Let l = r + 12. What is the remainder when 55 is divided by l?
27
Let z(h) = h**2 + 2*h - 4. Let o be (21/6)/((-2)/(-4)). Calculate the remainder when z(o) is divided by 20.
19
Suppose 0 = 2*t - 4 - 14. Suppose -45 = 4*n - t*n. Suppose -9 = -2*x + n. What is the remainder when 26 is divided by x?
8
Suppose 5*c + 12 = -3. Calculate the remainder when (-109)/(-3) + (-2)/c is divided by 13.
11
What is the remainder when 4*7*(-5)/(-4) is divided by (-3 - -9)*(18/(-4))/(-3)?
8
Suppose h + 48 = 4*c, -2*h - 2*h + 16 = 0. Suppose 4*u = -4*b + 8, 2*u + 2*u - 3 = b. Calculate the remainder when (-1)/(u - 76/74) is divided by c.
11
What is the remainder when (11/4)/(8/64) is divided by 8?
6
Suppose -f + 8 + 4 = 0. Calculate the remainder when (-580)/(-28) - (-4)/14 is divided by f.
9
Let i(x) = 3*x**2 - x. Let k be i(1). Suppose 0*o = 2*o - k. What is the remainder when (6/4)/((-3)/(-4)) is divided by o?
0
Let d = -68 - -126. Calculate the remainder when d is divided by ((-6)/3 + -28)/(-1).
28
Let i(w) = -8*w**3 + w**2 - w. Let b be i(1). Let k = b + -10. Let r = 29 + k. What is the remainder when 30 is divided by r?
8
Let n(u) = -u - 20. Let w be n(0). Calculate the remainder when -3 + 0 + (2 - w) is divided by 7.
5
Suppose 2*m = -m + 75. Calculate the remainder when (6 - (-24)/(-2))/(4/(-66)) is divided by m.
24
Let w = -7 + 5. Let q = 2 - w. What is the remainder when 7 is divided by q?
3
Suppose 5*w = 2*y + 292, 113